{"id":825,"date":"2019-11-18T18:38:59","date_gmt":"2019-11-18T17:38:59","guid":{"rendered":"https:\/\/blogdelarectora.uo.edu.cu\/?page_id=825"},"modified":"2019-11-18T21:24:22","modified_gmt":"2019-11-18T20:24:22","slug":"rectora","status":"publish","type":"page","link":"https:\/\/blogdelarectora.uo.edu.cu\/?page_id=825","title":{"rendered":"Rectora"},"content":{"rendered":"\n<div class=\"wp-block-image\"><figure class=\"alignleft\"><img decoding=\"async\" loading=\"lazy\" width=\"318\" height=\"477\" src=\"https:\/\/blogdelarectora.uo.edu.cu\/wp-content\/uploads\/2019\/11\/reca-e1574101135449.jpg\" alt=\"\" class=\"wp-image-842\" srcset=\"https:\/\/blogdelarectora.uo.edu.cu\/wp-content\/uploads\/2019\/11\/reca-e1574101135449.jpg 318w, https:\/\/blogdelarectora.uo.edu.cu\/wp-content\/uploads\/2019\/11\/reca-e1574101135449-200x300.jpg 200w\" sizes=\"(max-width: 318px) 100vw, 318px\" \/><\/figure><\/div>\n\n\n\n<p><strong>Dra.C. Diana Sedal Yanes<\/strong><\/p>\n\n\n\n<p>La vida estudiantil comenz\u00f3 en el poblado de Brasil en el municipio Esmeralda de la provincia Camag\u00fcey, formando parte del Movimiento de Pioneros Exploradores, miembro del colectivo de Pioneros como Corresponsal Pioneril en la ESBU Domingo L\u00f3pez Loyola y se destaca por su participaci\u00f3n en los encuentros deportivos, planes de la calle, concursos de Qu\u00edmica, Espa\u00f1ol, Historia, y Matem\u00e1tica. Se le otorg\u00f3 el diploma del esfuerzo productivo en 1988 por la destacada participaci\u00f3n en las labores agr\u00edcolas. Integra la federaci\u00f3n de mujeres cubanas los Comit\u00e9s de Defensa de la Revoluci\u00f3n y se incorpora como aspirante a las filas de la Uni\u00f3n de J\u00f3venes Comunistas desde los 14 a\u00f1os.<\/p>\n\n\n\n<p>En\n1987 ingresa a las filas de la UJC, estudiando en el IPVCE M\u00e1ximo G\u00f3mez B\u00e1ez. En\neste periodo se le reconoce su destacada labor en las actividades desempe\u00f1ada\nen la preparaci\u00f3n militar, por su participaci\u00f3n destacada en la II Jornada Cient\u00edfica\n\u2013Estudiantil de la FEEM provincial en 1990, en el 1er evento de Sociedades Estudiantiles,\nobtuvo menci\u00f3n especial en el concurso Provincial de Marxismo Leninismo\nformando parte del cuadro de honor de la escuela, se le otorga la Distinci\u00f3n al\nMerito de la Productividad en el a\u00f1o 1987 por el cumplimiento con sus deberes\npara con el trabajo y en 1988 el reconocimiento por el esfuerzo productivo\notorgado por las organizaciones estudiantiles y juveniles del centro. Dirigi\u00f3\ndurante los tres a\u00f1os de su carrera el Comit\u00e9 de Base de su Brigada <\/p>\n\n\n\n<p>En\nel a\u00f1o 1990 comienza los estudios en la carrera de Filosof\u00eda en la Universidad\nde Oriente, Tuvo activa participaci\u00f3n en las zafras azucareras, cafetaleras,\nrecogidas de c\u00edtrico y en las Brigada Estudiantiles de Trabajo. Particip\u00f3 como\nDelegada en Asambleas Distritales y Municipales de la UJC. Tambi\u00e9n particip\u00f3 en\ndiferentes eventos cient\u00edficos estudiantiles entre ellos: eI encuentro sobre el\npensamiento latinoamericano de Jos\u00e9 Mart\u00ed, I Encuentro de Fil\u00f3sofos Cubanos y Norteamericanos,\nen el Evento Internacional Mart\u00ed luz de Nuestra Am\u00e9rica, Taller Cient\u00edfico\nestudiantil de estudios Filos\u00f3ficos Econ\u00f3micos y de Educaci\u00f3n Comunista, 1992,\n1993,1994. Participaci\u00f3n en las actividades deportivas de la Copa 13 de marzo y\njuegos inter facultades representado al su facultad en el equipo de Voleibol: Ha\nobtenido m\u00faltiples reconocimientos del Departamento de Filosof\u00eda por sus\ndestacados resultados docente durante el curso 1992-1993, 1993-1994, del Comit\u00e9\nPrimario de la UJC por su destacada trayectoria estudiantil en los 5 a\u00f1os de la\ncarrera, Estudiante Integral en la docencia, a nivel de universidad. Fue alumna\nde alto aprovechamiento durante la carrera.<\/p>\n\n\n\n<p>Comienza\nsu vida laboral en el a\u00f1o 1996, en la Facultad de Ciencias Sociales de la\nUniversidad de Oriente, ocupando el cargo de organizadora del Comit\u00e9 Primario y\nposteriormente Secretaria General de la UJC hasta 1998. En 1997 fue\nseleccionada precandidata al IV Festival de la Juventud y los Estudiantes,\nadem\u00e1s de ser propuesta para Premio del Rector en la categor\u00eda de\nadiestramiento laboral. En 1998 obtuvo la medalla del SNTECD por ser vanguardia\nmunicipal, as\u00ed como precandidata al 7mo Congreso de la UJC.<\/p>\n\n\n\n<p>Dentro de los resultados fundamentales en\nel trabajo comunitario se encuentran la participaci\u00f3n en diferentes Proyectos\ncomo \u201cLa Ceiba\u201d, \u201cIsmaelillo\u201c, \u201cMujer de amor\u201d y el \u201cProyecto Educativo Guevariano\u201d,\ncomo parte de la recogida, an\u00e1lisis de informaci\u00f3n, elaboraci\u00f3n y aplicaci\u00f3n de\nmetodolog\u00edas y estrategias de educaci\u00f3n familiar. Dichos Proyectos han sido\nreconocidos, por diferentes instituciones y organizaciones, resultando\ndestacados en los F\u00f3rum de la\n Universidad de Oriente y del MININT provincial, (relevante)\nas\u00ed como en los Balances de Ciencia y T\u00e9cnica de la Facultad y la\nUniversidad. <\/p>\n\n\n\n<p>Desde el 2003 hasta la fecha ha sumido\nresponsabilidades administrativas en la Universidad de Oriente que se\nrelacionan en: Vicedecana de Universalizaci\u00f3n (2003-2004), Docente (2004-2005),\nDecana de la Facultad de Ciencias Sociales (2006-2011), luego asume la\ncoordinaci\u00f3n del equipo metodol\u00f3gico en la Rep\u00fablica Bolivariana de Venezuela\nen la misi\u00f3n del Frente Francisco de Miranda en los a\u00f1os de 2011-2013 y desde\nesta fecha hasta el junio del 2017 como vicerrectora Primera y actualmente como\nRectora.<\/p>\n\n\n\n<p><strong>\u00a0Ha participado en diferentes eventos nacionales e internacionales, entre ellos:<\/strong><\/p>\n\n\n\n<ol><li>Evento Cient\u00edfico\u00bb Las Ciencias sociales en la antesala del siglo XXI. Retos y Proyecciones, Escuela del Partido Hermanos Marat\u00f3n, Santiago de Cuba, 1996.<\/li><li>Taller Cient\u00edfico Metodol\u00f3gico sobre trabajo comunitario y orientaci\u00f3n familiar,<\/li><li>La C\u00e1tedra \u00abMujer, Familia y Sociedad, Manzanillo, Granma, 1996.<\/li><li>II Taller de la C\u00e1tedra \u00bb Mujer y Sociedad\u00bb, Santiago de Cuba, 1997.<\/li><li>Conferencia Cient\u00edfica Internacional \u00abLa Independencia Americana\u00bb, Manzanillo, Granma, 1997.<\/li><li>Evento Cient\u00edfico\u00bb50 Aniversario de la Universidad de Oriente \u00abSantiago de Cuba, 1997.<\/li><li>Evento Cient\u00edfico \u00abProyecciones de las Ciencias Sociales ante las exigencias de hoy, Santiago de Cuba, 1998.<\/li><li>II Taller del movimiento de padres y Madres por la Educaci\u00f3n, Santiago de Cuba, 1998.<\/li><li>I Taller Internacional \u00bb La Mujer en Am\u00e9rica Latina: Identidad y Cultura ,&nbsp; Santiago<\/li><li>La gesti\u00f3n de la calidad en la formaci\u00f3n del componente humanista del estudiante universitario, ponencia presentada en el Foro Internacional de Educaci\u00f3n Superior y desarrollo Iberoamericano, desarrollado en Veracruz, M\u00e9xico, septiembre 2014.<\/li><li>II Encuentro de j\u00f3venes de Izquierda \u201cPor la unidad de los Pueblos\u201d, Santiago de Cuba, 29 de noviembre, 2014.<\/li><li>Presencia y continuidad de la colaboraci\u00f3n acad\u00e9mica entre la Universidad de Oriente y la Universidad de Alberta. VIII Seminario de Estudios Canadienses, Universidad de Oriente, abril 2015.<\/li><li>Intercambio de experiencias educativas y gesti\u00f3n de la calidad, desarrollado en la Universidad Aut\u00f3noma, Benito Ju\u00e1rez en Oaxaca, M\u00e9xico, Marzo 2015<\/li><li>El socialismo del siglo XXI. Contribuciones y liderazgo chavista, XVII Taller Internacional \u201cCiencia Pol\u00edtica de enfoque Sur\u201d, Universidad de la Habana, Noviembre, 2014<\/li><li>Vilma Esp\u00edn y su contribuci\u00f3n al desarrollo de la Ciencia en la Universidad de Oriente, Taller Universidad, identidad, historia y revoluci\u00f3n, Proyecto Guerra de Liberaci\u00f3n Nacional y la c\u00e1tedra g\u00e9nero y sociedad, Universidad de Oriente, Santiago de cuba, abril 2015.<\/li><li>Mujer y gesti\u00f3n universitaria. Liderazgo femenino en la transformaci\u00f3n socio comunitario. Experiencias de buenas pr\u00e1cticas, en Red de mujeres l\u00edderes en universidades de habla Franc\u00f3fona, par\u00eds Francia, convocado por la AUF, Octubre 2015. <\/li><li>1er Taller Regional de desarrollo Local, aecid, oficina t\u00e9cnica de cooperaci\u00f3n, consejo de administraci\u00f3n provincial, Diciembre, 2015<\/li><li>II Reuni\u00f3n De Rectores Cuba-Rep\u00fablica Dominicana, 3-7 de Abril De 2016.<\/li><li>Conferencia Cient\u00edfico Metodol\u00f3gica de la Universidad de Oriente \u201cUna propuesta de estrategia de evaluaci\u00f3n y acreditaci\u00f3n. Experiencias en la UO, Junio 2016.<\/li><li>Participaci\u00f3n el      I Taller de Trabajo Comunitario, en el Consejo Popular Jos\u00e9 Mart\u00ed Norte, Febrero 2016.<\/li><li>Participaci\u00f3n en      XIIIe Assembl\u00e9e G\u00e9n\u00e9rale de la Conf\u00e9rence r\u00e9gionale des Recteurs,      Pr\u00e9sidents et Directeurs d\u2019institutions universitaires membres de l\u2019AUF      dans la Cara\u00efbe (CORPUCA) \/ Universit\u00e9 Notre Dame d&#8217;Haiti ,      Port-au-Prince, 9 juin 2016, de igual forma por invitaci\u00f3n del Presidente      de la AUF particip\u00f3 en la&nbsp;      Pr\u00e9sentation et \u00e9changes sur la Chaire Inter-universitaire d&#8217;Etudes      Carib\u00e9ennes en la 41th Annual Conference Caribe, Asociaci\u00f3n de Estudios.Participaci\u00f3n el      I Taller Provincial de Impacto Social, Santiago de Cuba, marzo 2016.<\/li><li>Participaci\u00f3n el I Taller Nacional para la Innovaci\u00f3n del Trabajo-Ideol\u00f3gico desarrollado en la Universidad de Ciencias Inform\u00e1ticas Mayo 2016.<\/li><li>Participaci\u00f3n en la Escuela de Verano Internacional CIMPA, Santiago de Cuba, Junio 2016. <\/li><li>Participaci\u00f3n en la Conferencia Cient\u00edfico Metodol\u00f3gica CONCIMET, Abril 2016.<\/li><li>Participaci\u00f3n en el Evento Internacional de Pedagog\u00eda 2017 por la unidad de los Educadores, experiencias en la gesti\u00f3n de la evaluaci\u00f3n y acreditaci\u00f3n de programas, Palacios de las Convenciones, de Enero 2017.<\/li><\/ol>\n\n\n\n<p>Es\nmiembro de la C\u00e1tedra\nde la Mujer de la Universidad de Oriente\ny colaboradora de la\n C\u00e1tedra Mujer, Familia y Sociedad de la Provincia Santiago\nde Cuba. Como parte de la\n C\u00e1tedra de la\n Mujer en la\n Universidad he desarrollado un conjunto de actividades con relaci\u00f3n\na las investigaciones y orientaci\u00f3n a las familias destac\u00e1ndose\nfundamentalmente las sesiones de orientaci\u00f3n que se han realizado en las prisiones\nde mujeres, Menores y Hombres y los talleres de valores en las comunidades de la\nCeiba, el Caney, 30 de Noviembre, Chicharrones, Aguadores, etc.<\/p>\n\n\n\n<p>Miembro de la\nSociedad de Fil\u00f3sofos de Cuba, Filial, Santiago de Cuba, Miembro del Comit\u00e9\nT\u00e9cnico Evaluador de Instituci\u00f3n, Experta de la Junta de Acreditaci\u00f3n Nacional,\nEs miembro y constituyente de la Red Franc\u00f3fona de mujeres directivas en la\neducaci\u00f3n superior y la investigaci\u00f3n.<\/p>\n\n\n\n<div class=\"wp-block-image\"><figure class=\"aligncenter\"><img decoding=\"async\" src=\"http:\/\/www.codigos-qr.com\/qr\/php\/qr_img.php?d=Dra.C. Diana Sedal Yanes. Rectora de la Universidad de Oriente. Atenci\u00f3n a la poblaci\u00f3n: poblacion@consejo.uo.edu.cu Tel\u00e9fono Rectorado: +5322631860&amp;s=4&amp;e=\" alt=\"Generador de C\u00f3digos QR Codes\"\/><figcaption>Contacto<\/figcaption><\/figure><\/div>\n","protected":false},"excerpt":{"rendered":"<div class=\"mh-excerpt\"><p>Dra.C. Diana Sedal Yanes La vida estudiantil comenz\u00f3 en el poblado de Brasil en el municipio Esmeralda de la provincia Camag\u00fcey, formando parte del Movimiento <a class=\"mh-excerpt-more\" href=\"https:\/\/blogdelarectora.uo.edu.cu\/?page_id=825\" title=\"Rectora\">[&#8230;]<\/a><\/p>\n<\/div>","protected":false},"author":2,"featured_media":0,"parent":0,"menu_order":0,"comment_status":"closed","ping_status":"closed","template":"","meta":{"_bbp_topic_count":0,"_bbp_reply_count":0,"_bbp_total_topic_count":0,"_bbp_total_reply_count":0,"_bbp_voice_count":0,"_bbp_anonymous_reply_count":0,"_bbp_topic_count_hidden":0,"_bbp_reply_count_hidden":0,"_bbp_forum_subforum_count":0},"_links":{"self":[{"href":"https:\/\/blogdelarectora.uo.edu.cu\/index.php?rest_route=\/wp\/v2\/pages\/825"}],"collection":[{"href":"https:\/\/blogdelarectora.uo.edu.cu\/index.php?rest_route=\/wp\/v2\/pages"}],"about":[{"href":"https:\/\/blogdelarectora.uo.edu.cu\/index.php?rest_route=\/wp\/v2\/types\/page"}],"author":[{"embeddable":true,"href":"https:\/\/blogdelarectora.uo.edu.cu\/index.php?rest_route=\/wp\/v2\/users\/2"}],"replies":[{"embeddable":true,"href":"https:\/\/blogdelarectora.uo.edu.cu\/index.php?rest_route=%2Fwp%2Fv2%2Fcomments&post=825"}],"version-history":[{"count":7,"href":"https:\/\/blogdelarectora.uo.edu.cu\/index.php?rest_route=\/wp\/v2\/pages\/825\/revisions"}],"predecessor-version":[{"id":897,"href":"https:\/\/blogdelarectora.uo.edu.cu\/index.php?rest_route=\/wp\/v2\/pages\/825\/revisions\/897"}],"wp:attachment":[{"href":"https:\/\/blogdelarectora.uo.edu.cu\/index.php?rest_route=%2Fwp%2Fv2%2Fmedia&parent=825"}],"curies":[{"name":"wp","href":"https:\/\/api.w.org\/{rel}","templated":true}]}}

<div class="wp-block-image"><figure class="alignleft"><img decoding="async" loading="lazy" width="318" height="477" src="https://blogdelarectora.uo.edu.cu/wp-content/uploads/2019/11/reca-e1574101135449.jpg" alt="" class="wp-image-842" srcset="https://blogdelarectora.uo.edu.cu/wp-content/uploads/2019/11/reca-e1574101135449.jpg 318w, https://blogdelarectora.uo.edu.cu/wp-content/uploads/2019/11/reca-e1574101135449-200x300.jpg 200w" sizes="(max-width: 318px) 100vw, 318px" /></figure></div>



<p><strong>Dra.C. Diana Sedal Yanes</strong></p>



<p>La vida estudiantil comenzó en el poblado de Brasil en el municipio Esmeralda de la provincia Camagüey, formando parte del Movimiento de Pioneros Exploradores, miembro del colectivo de Pioneros como Corresponsal Pioneril en la ESBU Domingo López Loyola y se destaca por su participación en los encuentros deportivos, planes de la calle, concursos de Química, Español, Historia, y Matemática. Se le otorgó el diploma del esfuerzo productivo en 1988 por la destacada participación en las labores agrícolas. Integra la federación de mujeres cubanas los Comités de Defensa de la Revolución y se incorpora como aspirante a las filas de la Unión de Jóvenes Comunistas desde los 14 años.</p>



<p>En
1987 ingresa a las filas de la UJC, estudiando en el IPVCE Máximo Gómez Báez. En
este periodo se le reconoce su destacada labor en las actividades desempeñada
en la preparación militar, por su participación destacada en la II Jornada Científica
–Estudiantil de la FEEM provincial en 1990, en el 1er evento de Sociedades Estudiantiles,
obtuvo mención especial en el concurso Provincial de Marxismo Leninismo
formando parte del cuadro de honor de la escuela, se le otorga la Distinción al
Merito de la Productividad en el año 1987 por el cumplimiento con sus deberes
para con el trabajo y en 1988 el reconocimiento por el esfuerzo productivo
otorgado por las organizaciones estudiantiles y juveniles del centro. Dirigió
durante los tres años de su carrera el Comité de Base de su Brigada </p>



<p>En
el año 1990 comienza los estudios en la carrera de Filosofía en la Universidad
de Oriente, Tuvo activa participación en las zafras azucareras, cafetaleras,
recogidas de cítrico y en las Brigada Estudiantiles de Trabajo. Participó como
Delegada en Asambleas Distritales y Municipales de la UJC. También participó en
diferentes eventos científicos estudiantiles entre ellos: eI encuentro sobre el
pensamiento latinoamericano de José Martí, I Encuentro de Filósofos Cubanos y Norteamericanos,
en el Evento Internacional Martí luz de Nuestra América, Taller Científico
estudiantil de estudios Filosóficos Económicos y de Educación Comunista, 1992,
1993,1994. Participación en las actividades deportivas de la Copa 13 de marzo y
juegos inter facultades representado al su facultad en el equipo de Voleibol: Ha
obtenido múltiples reconocimientos del Departamento de Filosofía por sus
destacados resultados docente durante el curso 1992-1993, 1993-1994, del Comité
Primario de la UJC por su destacada trayectoria estudiantil en los 5 años de la
carrera, Estudiante Integral en la docencia, a nivel de universidad. Fue alumna
de alto aprovechamiento durante la carrera.</p>



<p>Comienza
su vida laboral en el año 1996, en la Facultad de Ciencias Sociales de la
Universidad de Oriente, ocupando el cargo de organizadora del Comité Primario y
posteriormente Secretaria General de la UJC hasta 1998. En 1997 fue
seleccionada precandidata al IV Festival de la Juventud y los Estudiantes,
además de ser propuesta para Premio del Rector en la categoría de
adiestramiento laboral. En 1998 obtuvo la medalla del SNTECD por ser vanguardia
municipal, así como precandidata al 7mo Congreso de la UJC.</p>



<p>Dentro de los resultados fundamentales en
el trabajo comunitario se encuentran la participación en diferentes Proyectos
como “La Ceiba”, “Ismaelillo“, “Mujer de amor” y el “Proyecto Educativo Guevariano”,
como parte de la recogida, análisis de información, elaboración y aplicación de
metodologías y estrategias de educación familiar. Dichos Proyectos han sido
reconocidos, por diferentes instituciones y organizaciones, resultando
destacados en los Fórum de la
 Universidad de Oriente y del MININT provincial, (relevante)
así como en los Balances de Ciencia y Técnica de la Facultad y la
Universidad. </p>



<p>Desde el 2003 hasta la fecha ha sumido
responsabilidades administrativas en la Universidad de Oriente que se
relacionan en: Vicedecana de Universalización (2003-2004), Docente (2004-2005),
Decana de la Facultad de Ciencias Sociales (2006-2011), luego asume la
coordinación del equipo metodológico en la República Bolivariana de Venezuela
en la misión del Frente Francisco de Miranda en los años de 2011-2013 y desde
esta fecha hasta el junio del 2017 como vicerrectora Primera y actualmente como
Rectora.</p>



<p><strong> Ha participado en diferentes eventos nacionales e internacionales, entre ellos:</strong></p>



<ol><li>Evento Científico» Las Ciencias sociales en la antesala del siglo XXI. Retos y Proyecciones, Escuela del Partido Hermanos Maratón, Santiago de Cuba, 1996.</li><li>Taller Científico Metodológico sobre trabajo comunitario y orientación familiar,</li><li>La Cátedra «Mujer, Familia y Sociedad, Manzanillo, Granma, 1996.</li><li>II Taller de la Cátedra » Mujer y Sociedad», Santiago de Cuba, 1997.</li><li>Conferencia Científica Internacional «La Independencia Americana», Manzanillo, Granma, 1997.</li><li>Evento Científico»50 Aniversario de la Universidad de Oriente «Santiago de Cuba, 1997.</li><li>Evento Científico «Proyecciones de las Ciencias Sociales ante las exigencias de hoy, Santiago de Cuba, 1998.</li><li>II Taller del movimiento de padres y Madres por la Educación, Santiago de Cuba, 1998.</li><li>I Taller Internacional » La Mujer en América Latina: Identidad y Cultura ,&nbsp; Santiago</li><li>La gestión de la calidad en la formación del componente humanista del estudiante universitario, ponencia presentada en el Foro Internacional de Educación Superior y desarrollo Iberoamericano, desarrollado en Veracruz, México, septiembre 2014.</li><li>II Encuentro de jóvenes de Izquierda “Por la unidad de los Pueblos”, Santiago de Cuba, 29 de noviembre, 2014.</li><li>Presencia y continuidad de la colaboración académica entre la Universidad de Oriente y la Universidad de Alberta. VIII Seminario de Estudios Canadienses, Universidad de Oriente, abril 2015.</li><li>Intercambio de experiencias educativas y gestión de la calidad, desarrollado en la Universidad Autónoma, Benito Juárez en Oaxaca, México, Marzo 2015</li><li>El socialismo del siglo XXI. Contribuciones y liderazgo chavista, XVII Taller Internacional “Ciencia Política de enfoque Sur”, Universidad de la Habana, Noviembre, 2014</li><li>Vilma Espín y su contribución al desarrollo de la Ciencia en la Universidad de Oriente, Taller Universidad, identidad, historia y revolución, Proyecto Guerra de Liberación Nacional y la cátedra género y sociedad, Universidad de Oriente, Santiago de cuba, abril 2015.</li><li>Mujer y gestión universitaria. Liderazgo femenino en la transformación socio comunitario. Experiencias de buenas prácticas, en Red de mujeres líderes en universidades de habla Francófona, parís Francia, convocado por la AUF, Octubre 2015. </li><li>1er Taller Regional de desarrollo Local, aecid, oficina técnica de cooperación, consejo de administración provincial, Diciembre, 2015</li><li>II Reunión De Rectores Cuba-República Dominicana, 3-7 de Abril De 2016.</li><li>Conferencia Científico Metodológica de la Universidad de Oriente “Una propuesta de estrategia de evaluación y acreditación. Experiencias en la UO, Junio 2016.</li><li>Participación el      I Taller de Trabajo Comunitario, en el Consejo Popular José Martí Norte, Febrero 2016.</li><li>Participación en      XIIIe Assemblée Générale de la Conférence régionale des Recteurs,      Présidents et Directeurs d’institutions universitaires membres de l’AUF      dans la Caraïbe (CORPUCA) / Université Notre Dame d&#8217;Haiti ,      Port-au-Prince, 9 juin 2016, de igual forma por invitación del Presidente      de la AUF participó en la&nbsp;      Présentation et échanges sur la Chaire Inter-universitaire d&#8217;Etudes      Caribéennes en la 41th Annual Conference Caribe, Asociación de Estudios.Participación el      I Taller Provincial de Impacto Social, Santiago de Cuba, marzo 2016.</li><li>Participación el I Taller Nacional para la Innovación del Trabajo-Ideológico desarrollado en la Universidad de Ciencias Informáticas Mayo 2016.</li><li>Participación en la Escuela de Verano Internacional CIMPA, Santiago de Cuba, Junio 2016. </li><li>Participación en la Conferencia Científico Metodológica CONCIMET, Abril 2016.</li><li>Participación en el Evento Internacional de Pedagogía 2017 por la unidad de los Educadores, experiencias en la gestión de la evaluación y acreditación de programas, Palacios de las Convenciones, de Enero 2017.</li></ol>



<p>Es
miembro de la Cátedra
de la Mujer de la Universidad de Oriente
y colaboradora de la
 Cátedra Mujer, Familia y Sociedad de la Provincia Santiago
de Cuba. Como parte de la
 Cátedra de la
 Mujer en la
 Universidad he desarrollado un conjunto de actividades con relación
a las investigaciones y orientación a las familias destacándose
fundamentalmente las sesiones de orientación que se han realizado en las prisiones
de mujeres, Menores y Hombres y los talleres de valores en las comunidades de la
Ceiba, el Caney, 30 de Noviembre, Chicharrones, Aguadores, etc.</p>



<p>Miembro de la
Sociedad de Filósofos de Cuba, Filial, Santiago de Cuba, Miembro del Comité
Técnico Evaluador de Institución, Experta de la Junta de Acreditación Nacional,
Es miembro y constituyente de la Red Francófona de mujeres directivas en la
educación superior y la investigación.</p>



<div class="wp-block-image"><figure class="aligncenter"><img decoding="async" src="http://www.codigos-qr.com/qr/php/qr_img.php?d=Dra.C. Diana Sedal Yanes. Rectora de la Universidad de Oriente. Atención a la población: poblacion@consejo.uo.edu.cu Teléfono Rectorado: +5322631860&amp;s=4&amp;e=" alt="Generador de Códigos QR Codes"/><figcaption>Contacto</figcaption></figure></div>

<div class="mh-excerpt"><p>Dra.C. Diana Sedal Yanes La vida estudiantil comenzó en el poblado de Brasil en el municipio Esmeralda de la provincia Camagüey, formando parte del Movimiento <a class="mh-excerpt-more" href="https://blogdelarectora.uo.edu.cu/?page_id=825" title="Rectora">[&#8230;]</a></p>
</div>
